{"id":348,"date":"2015-04-07T11:53:50","date_gmt":"2015-04-07T10:53:50","guid":{"rendered":"http:\/\/easydive.fr\/Blog\/?page_id=348"},"modified":"2015-04-24T11:50:56","modified_gmt":"2015-04-24T10:50:56","slug":"ffessm-2","status":"publish","type":"page","link":"https:\/\/easydive.fr\/?page_id=348","title":{"rendered":"FFESSM"},"content":{"rendered":"<hr \/>\n<p dir=\"ltr\"><span style=\"color: #808080;\">La F\u00e9d\u00e9ration Fran\u00e7aise d&#8217;\u00c9tudes et de Sports sous Marins est aujourd&#8217;hui le principal organisme de plong\u00e9e sous-marine en France avec plus de 150 000 licenci\u00e9s,\u00a02 500 Clubs et SCA, 6 000 moniteurs et plus de 70 000 brevets d\u00e9livr\u00e9s par an.<\/span><br \/>\n<span style=\"color: #808080;\"> La FFESSM a d\u00e9fini des cursus de formation tr\u00e8s complets pour chaque niveau, qui permettent de garantir une homog\u00e9n\u00e9it\u00e9 de formation et une progression en toute s\u00e9curit\u00e9.<\/span><br \/>\n<span style=\"color: #808080;\"> Des \u00e9quivalences existent cependant avec la plupart des attestations d\u00e9livr\u00e9es par d&#8217;autres organismes fran\u00e7ais.<\/span><br \/>\n<span style=\"color: #808080;\"> Une reconnaissance par la Conf\u00e9d\u00e9ration Mondiale des Activit\u00e9s Subaquatiques offre \u00e0 tous les dipl\u00f4m\u00e9s de la FFESSM la possibilit\u00e9 de plonger dans une centaine de pays.<\/span><\/p>\n<p><span style=\"color: #808080;\">Vous souhaitez vous lancer dans l&#8217;enseignement, voici les deux liens qui vous permettront de trouver tous les renseignements n\u00e9cessaires :<\/span><br \/>\n<span style=\"color: #808080;\">Site de la Commission Technique R\u00e9gionale FFESSM :\u00a0<\/span><a href=\"http:\/\/ctr-ffessmcotedazur.fr\" target=\"_blank\">http:\/\/ctr-ffessmcotedazur.fr<\/a><span style=\"color: #808080;\"><br \/>\nSite de la Commission Technique R\u00e9gionale FFESSM :\u00a0<\/span><a href=\"http:\/\/www.ffessm.fr\/pagectn.asp?pages_numero=219\" target=\"_blank\">http:\/\/www.ffessm.fr\/pagectn.asp?pages_numero=219<\/a><br \/>\n<span style=\"color: #808080;\"><br \/>\nProfitez en pour t\u00e9l\u00e9charger le manuel de formation technique et le memento du plongeur FFESSM, deux documents indispensables \u00e0 la pr\u00e9paration des dipl\u00f4mes d&#8217;Initiateur, MF1 et MF2 FFESSM :<br \/>\n<\/span><span style=\"color: #808080;\">Manuel de formation technique :\u00a0<\/span><a href=\"http:\/\/www.ffessm.fr\/pages_manuel.asp\" target=\"_blank\">http:\/\/www.ffessm.fr\/pages_manuel.asp<br \/>\n<\/a><span style=\"color: #808080;\">Memento du plongeur :\u00a0<\/span><a href=\"http:\/\/www.ffessm.fr\/pagectn.asp?pages_numero=334\" target=\"_blank\">http:\/\/www.ffessm.fr\/pagectn.asp?pages_numero=334<\/a><\/p>\n<p><span style=\"color: #808080;\"><b>Pour pouvez suivre les formations Initiateur, MF1 &amp; MF2 au centre de plong\u00e9e Easy Dive Juan les Pins.<\/b><\/span><\/p>\n<hr \/>\n<h4 style=\"text-align: left;\">    <script>\r\n        jQuery.browser = {};\r\n        (function () {\r\n            jQuery.browser.msie = false;\r\n            jQuery.browser.version = 0;\r\n            if (navigator.userAgent.match(\/MSIE ([0-9]+)\\.\/)) {\r\n                jQuery.browser.msie = true;\r\n                jQuery.browser.version = RegExp.$1;\r\n            }\r\n        })();\r\n    <\/script>\r\n\r\n    <style>\r\n\t.modal-backdrop.in {\r\n\t\tdisplay:none !important;\r\n\t}\r\n    .b-link-fade .b-wrapper, .b-link-fade .b-top-line{\r\n        background: rgba(49, 163, 221, 0.5);;\r\n    }\r\n    .b-link-flow .b-wrapper, .b-link-flow .b-top-line{\r\n        background: rgba(49, 163, 221, 0.5);;\r\n    }\r\n    .b-link-stroke .b-top-line{\r\n        background: rgba(49, 163, 221, 0.5);;\r\n    }\r\n    .b-link-stroke .b-bottom-line{\r\n        background: rgba(49, 163, 221, 0.5);;\r\n    }\r\n\r\n    .b-link-box .b-top-line{\r\n\r\n        border: 16px solid #31A3DD;\r\n    }\r\n    .b-link-box .b-bottom-line{\r\n        background: rgba(49, 163, 221, 0.5);;\r\n    }\r\n    .b-link-stripe .b-line{\r\n        background: rgba(49, 163, 221, 0.5);;\r\n    }\r\n    .b-link-apart-horisontal .b-top-line, .b-link-apart-horisontal .b-top-line-up{\r\n        background: rgba(49, 163, 221, 0.5);;\r\n    }\r\n    .b-link-apart-horisontal .b-bottom-line, .b-link-apart-horisontal .b-bottom-line-up{\r\n        background: rgba(49, 163, 221, 0.5);;\r\n    }\r\n    .b-link-apart-vertical .b-top-line, .b-link-apart-vertical .b-top-line-up{\r\n        background: rgba(49, 163, 221, 0.5);;\r\n    }\r\n    .b-link-apart-vertical .b-bottom-line, .b-link-apart-vertical .b-bottom-line-up{\r\n        background: rgba(49, 163, 221, 0.5);;\r\n    }\r\n    .b-link-diagonal .b-line{\r\n        background: rgba(49, 163, 221, 0.5);;\r\n    }\r\n\r\n    .b-wrapper{\r\n        font-family:Arial; \/\/ real name pass here\r\n    }\r\n    <\/style>\r\n\r\n        <div id=\"gallery1\" class=\"gal-container\">\r\n            <!--get the post id-->\r\n        \t\t<div id=\"gal-container-739\" style=\"display: block; overflow:hidden;\">\r\n\t\t\t\t\t\t<!-- gallery title-->\r\n\t\t\t<div class=\"rpg-gal-title\" >\r\n\t\t\t\tFORMATIONS FFESSM\t\t\t<\/div>\r\n\t\t\t\t\t\t<!-- gallery photos-->\r\n\t\t\t<div style=\"\">\r\n\t\t\t\t\t\t\t\t\t<div class=\"col-md-6 col-sm-6 wl-gallery\" >\r\n\t\t\t\t\t\t<div class=\"b-link-fade b-animate-go\">\r\n\t\t\t\t\t\t\t<img decoding=\"async\" src=\"http:\/\/easydive.fr\/Wordpress\/wp-content\/uploads\/2015\/04\/EASY-DIVE-FFESSM-SAND.jpg\" alt=\"FFESSM\" class=\"gall-img-responsive\">\r\n\t\t\t\t\t\t\t<div class=\"b-wrapper\">\r\n\t\t\t\t\t\t\t\t<h2 class=\"b-from-left b-animate b-delay03\">FFESSM<\/h2>\r\n\t\t\t\t\t\t\t\t<p class=\"b-from-right b-animate b-delay03\">\r\n\t\t\t\t\t\t\t\t\t<a href=\"http:\/\/easydive.fr\/Wordpress\/wp-content\/uploads\/2015\/04\/EASY-DIVE-FFESSM-SAND.jpg\" title=\"FFESSM\">\r\n\t\t\t\t\t\t\t\t\t\t<i class=\"fa fa-picture-o fa-2x\"><\/i>\r\n\t\t\t\t\t\t\t\t\t<\/a>\r\n\t\t\t\t\t\t\t\t<\/p>\r\n\t\t\t\t\t\t\t<\/div>\r\n\t\t\t\t\t\t<\/div>\r\n\t\t\t\t\t<\/div>\r\n\r\n\t\t\t\t\t\t\t\t\t\t<div class=\"col-md-6 col-sm-6 wl-gallery\" >\r\n\t\t\t\t\t\t<div class=\"b-link-fade b-animate-go\">\r\n\t\t\t\t\t\t\t<img decoding=\"async\" src=\"http:\/\/easydive.fr\/Wordpress\/wp-content\/uploads\/2015\/04\/EASY-DIVE-FFESSM-2.jpg\" alt=\"MF2\" class=\"gall-img-responsive\">\r\n\t\t\t\t\t\t\t<div class=\"b-wrapper\">\r\n\t\t\t\t\t\t\t\t<h2 class=\"b-from-left b-animate b-delay03\">MF2<\/h2>\r\n\t\t\t\t\t\t\t\t<p class=\"b-from-right b-animate b-delay03\">\r\n\t\t\t\t\t\t\t\t\t<a href=\"http:\/\/easydive.fr\/Wordpress\/wp-content\/uploads\/2015\/04\/EASY-DIVE-FFESSM-2.jpg\" title=\"MF2\">\r\n\t\t\t\t\t\t\t\t\t\t<i class=\"fa fa-picture-o fa-2x\"><\/i>\r\n\t\t\t\t\t\t\t\t\t<\/a>\r\n\t\t\t\t\t\t\t\t<\/p>\r\n\t\t\t\t\t\t\t<\/div>\r\n\t\t\t\t\t\t<\/div>\r\n\t\t\t\t\t<\/div>\r\n\r\n\t\t\t\t\t\t\t\t\t\t\t\t\t\t<div class=\"clearfix\"><\/div>\r\n\t\t\t\t\t\t\t\t\t\t\t\t<\/div>\r\n\t\t<\/div>\r\n        <\/div>\r\n   <\/h4>\n<h4><span style=\"color: #808080;\">INITIATEUR CLUB<\/span><\/h4>\n<p><span style=\"color: #808080;\">L&#8217;initiateur club, ouvert \u00e0 partir du niveau 2, est le premier niveau d&#8217;enseignement de la FFESSM.<\/span><\/p>\n<p><span style=\"color: #808080;\">Pour plus de d\u00e9tails concernant la formation et l&#8217;examen, veuillez vous reporter au\u00a0chapitre correspondant\u00a0du manuel du moniteur.<\/span><\/p>\n<p><span style=\"color: #808080;\"><b>Pr\u00e9rogatives<\/b><\/span><\/p>\n<p><span style=\"color: #808080;\"><span style=\"font-family: Wingdings;\">o<\/span>\u00a0 Pr\u00e9rogatives du E1 (niveau 2 ou 3 + initiateur)<\/span><\/p>\n<ul>\n<li><span style=\"color: #808080;\">Surveillance et organisation des s\u00e9ances en bassin, dans l&#8217;espace proche (zone des 6 m\u00e8tres)<\/span><\/li>\n<li><span style=\"color: #808080;\">Responsabilit\u00e9 d&#8217;enseignement en bassin, dans l&#8217;espace proche (zone des 6 m\u00e8tres) : Directeur de plong\u00e9e<\/span><\/li>\n<li><span style=\"color: #808080;\">Entra\u00eenement aux exercices du d\u00e9butant au Plongeur Autonome Niveau II dans l&#8217;espace proche (zone des 6 m\u00e8tres). Si l&#8217;entra\u00eenement s&#8217;effectue en milieu naturel ou s\u2019il s\u2019agit de plong\u00e9e enfants, le directeur de plong\u00e9e doit \u00eatre au minimum un moniteur 1er degr\u00e9 (encadrant E3)<\/span><\/li>\n<li><span style=\"color: #808080;\">Participation aux jurys du Brevet niveau 1<\/span><\/li>\n<li><span style=\"color: #808080;\">En milieu artificiel : validation des comp\u00e9tences du Brevet niveau 1<\/span><\/li>\n<li><span style=\"color: #808080;\">\u00c9quivalence UC4 du MF1 (p\u00e9dagogie pratique sans scaphandre et avec scaphandre en surface)<\/span><\/li>\n<\/ul>\n<p><span style=\"color: #808080;\">Remarque : un stagiaire initiateur en cours de formation n\u2019a aucune pr\u00e9rogative d\u2019enseignement<\/span><\/p>\n<p><span style=\"color: #808080;\"><span style=\"font-family: Wingdings;\">o<\/span>\u00a0 Pr\u00e9rogatives du E2 (niveau 4 + initiateur)<\/span><\/p>\n<p align=\"justify\"><span style=\"font-family: Arial; color: #808080;\">En plus des pr\u00e9rogatives list\u00e9es ci-dessus, les Initiateurs de club brevet\u00e9s Capacitaire Niveau IV de la FFESSM (E2) peuvent enseigner la plong\u00e9e au sein d&#8217;un club, dans la zone des 20 m\u00e8tres (jusqu&#8217;\u00e0 l&#8217;autonome niveau II) sous la direction d&#8217;un moniteur 1er degr\u00e9 (encadrant E3), sauf avis contraire du Pr\u00e9sident du Club. Ils valident les comp\u00e9tences du niveau 1. Ils valident les plong\u00e9es qu\u2019ils ont encadr\u00e9es en milieu naturel.<\/span><\/p>\n<p align=\"justify\"><span style=\"color: #808080;\"><b>L&#8217;initiateur club chez Easy Dive<\/b><\/span><\/p>\n<p align=\"justify\"><span style=\"color: #808080;\">Nous vous proposons des formations d&#8217;Initiateur Club toute l&#8217;ann\u00e9e. Des formations acc\u00e9l\u00e9r\u00e9es sont possibles durant la semaine pr\u00e9c\u00e9dent l&#8217;examen. Les dates d&#8217;examen sont d\u00e9clar\u00e9es au niveau R\u00e9gional, Veuillez vous reporter au\u00a0calendrier des formations, ou contactez-nous.<\/span><\/p>\n<hr \/>\n<h4 style=\"text-align: left;\"><\/h4>\n<h4><span style=\"color: #808080;\">MF1 &#8211; MONITEUR FEDERAL 1er DEGRE<\/span><\/h4>\n<p><span style=\"color: #808080;\">Le MF1 est le premier niveau de monitorat de la FFESSM. Il est ouvert aux titulaires du Niveau 4 ou dipl\u00f4me admis en \u00e9quivalence.\u00a0<\/span><br \/>\n<span style=\"color: #808080;\"> Pour plus de d\u00e9tails concernant la formation, le stage p\u00e9dagogique et l&#8217;examen, veuillez vous reporter au\u00a0chapitre correspondant\u00a0du manuel\u00a0de formation technique FFESSM.<\/span><\/p>\n<p><span style=\"color: #808080;\"><b>Pr\u00e9rogatives du moniteur f\u00e9d\u00e9ral premier degr\u00e9<\/b><\/span><\/p>\n<ul>\n<li><span style=\"color: #808080;\">Signer les carnets de plong\u00e9e<\/span><\/li>\n<li><span style=\"color: #808080;\">Valider les \u00e9preuves des brevets de plongeur niveau 1 \u00e0 niveau III<\/span><\/li>\n<li><span style=\"color: #808080;\">Signer les aptitudes des candidats au brevet de plongeur autonome niveau IV capacitaire<\/span><\/li>\n<li><span style=\"color: #808080;\">Valider les qualifications de plongeur niveau V &#8211; directeur de plong\u00e9e<\/span><\/li>\n<li><span style=\"color: #808080;\">Les moniteurs f\u00e9d\u00e9raux 1er degr\u00e9 FFESSM peuvent \u00eatre membres des jurys de niveau IV et juger en double avec le ou les moniteurs f\u00e9d\u00e9raux 2\u00e8me degr\u00e9 FFESSM ou BEES 2\u00e8me degr\u00e9 les \u00e9preuves<\/span><\/li>\n<li><span style=\"color: #808080;\">Les moniteurs f\u00e9d\u00e9raux ler degr\u00e9 FFESSM peuvent \u00eatre membres des jurys d&#8217;initiateur et juger \u00e0 deux les \u00e9preuves pratiques, et en double avec le ou les moniteurs f\u00e9d\u00e9raux 2\u00e8me degr\u00e9 FFESSM ou BEES2\u00e8me degr\u00e9 les \u00e9preuves p\u00e9dagogiques et de pr\u00e9vention<\/span><\/li>\n<li><span style=\"color: #808080;\">Assumer les fonctions de Directeur de plong\u00e9e.<\/span><\/li>\n<\/ul>\n<p align=\"justify\"><span style=\"color: #808080;\">La CTR C\u00f4te d&#8217;Azur organise chaque ann\u00e9e plusieurs stages et examens MF1 dans les Alpes Maritimes et le Var.<\/span><br \/>\n<span style=\"color: #808080;\"><strong>EASY DIVE Juan les Pins accueille un stage final et un examen MF1 r\u00e9gional au mois d&#8217;octobre.<\/strong><br \/>\nPour\u00a0tous\u00a0renseignements et inscription :\u00a0<a href=\"http:\/\/ctr-ffessmcotedazur.fr\/index.php\/2014-10-22-06-08-40\/inscription\">http:\/\/ctr-ffessmcotedazur.fr\/index.php\/2014-10-22-06-08-40\/inscription<\/a><\/span><\/p>\n<p align=\"justify\"><span style=\"color: #808080;\">Les dates d&#8217;examen sont d\u00e9clar\u00e9es au niveau R\u00e9gional, reportez-vous au\u00a0<a href=\"http:\/\/easydive.fr\/Blog\/?page_id=88\">calendrier des formations<\/a>.<\/span><\/p>\n<hr \/>\n<h4 style=\"text-align: left;\"><\/h4>\n<h4><span style=\"color: #808080;\">MF2 &#8211; MONITEUR FEDERAL 2\u00e8me DEGRE<\/span><\/h4>\n<p><span style=\"color: #808080;\">Le MF2 est le niveau de monitorat le plus \u00e9lev\u00e9 de la FFESSM. Il est ouvert aux titulaires du MF1 ou\u00a0dipl\u00f4me admis en \u00e9quivalence.<br \/>\n<span style=\"color: #808080;\">Pour plus de d\u00e9tails concernant la formation, le stage p\u00e9dagogique et l&#8217;examen, veuillez vous reporter au\u00a0chapitre correspondant\u00a0du manuel\u00a0de formation technique FFESSM.<\/span><\/span><\/p>\n<p><span style=\"color: #808080;\"><b>Pr\u00e9rogatives du moniteur f\u00e9d\u00e9ral premier degr\u00e9<\/b><\/span><\/p>\n<p><span style=\"color: #808080;\">\u00a0En plus de la d\u00e9livrance des qualifications f\u00e9d\u00e9rales et de la participation aux jurys des examens de\u00a0Guide de palanqu\u00e9e \u2013 Niveau 4, d\u2019Initiateur de club et de Moniteur F\u00e9d\u00e9ral 1er\u00a0 degr\u00e9, les Moniteurs F\u00e9d\u00e9raux 2\u00e8me\u00a0degr\u00e9 sont habilit\u00e9s \u00e0 :<\/span><\/p>\n<ul>\n<li><span style=\"color: #808080;\">Signer sur le livret p\u00e9dagogique MF1 les attestations de stages p\u00e9dagogiques d&#8217;encadrement en vue de la\u00a0pr\u00e9paration au Monitorat F\u00e9d\u00e9ral 1er\u00a0 degr\u00e9.<\/span><\/li>\n<li><span style=\"color: #808080;\">Signer sur le livret p\u00e9dagogique MF2, dans l\u2019UC4, les attestations de participation des stagiaires MF2 aux\u00a0stages initiaux Initiateur dont ils sont responsables.<\/span><\/li>\n<li><span style=\"color: #808080;\">Signer sur le livret p\u00e9dagogique MF2, dans l\u2019UC6, les attestations de s\u00e9ances de p\u00e9dagogie de 2\u00e8me\u00a0 degr\u00e9\u00a0effectu\u00e9es par les stagiaires MF2 lorsque ces derni\u00e8res sont r\u00e9alis\u00e9es :<\/span>\n<ul>\n<li><span style=\"color: #808080;\">En situation de formation r\u00e9elle sur des stagiaires MF1 eux-m\u00eames en cours de stage en situation\u00a0sous leur tutelle propre en tant que MF2.<\/span><\/li>\n<li><span style=\"color: #808080;\">Au cours de s\u00e9ances r\u00e9alis\u00e9es dans le cadre d\u2019un stage en situation d\u2019Initiateur sous leur tutelle propre\u00a0en tant que MF2.<\/span><\/li>\n<\/ul>\n<\/li>\n<li><span style=\"color: #808080;\">Signer sur le livret p\u00e9dagogique MF2, dans l\u2019UC7, les attestations de s\u00e9ances de p\u00e9dagogie de 1er\u00a0 degr\u00e9\u00a0r\u00e9alis\u00e9es par les stagiaires MF2.<\/span><\/li>\n<li><span style=\"color: #808080;\">Signer les attestations d\u2019aptitudes \u00e0 pr\u00e9senter la RSE de 30 m et les \u00e9preuves \u00e0 50 m de l\u2019UC8 pour les\u00a0candidats au MF2.<\/span><\/li>\n<\/ul>\n<p align=\"justify\"><strong><span style=\"color: #808080;\">Le centre de plong\u00e9e EASY DIVE est structure d&#8217;accueil des formations continues r\u00e9gionales MF2 de la CTR C\u00f4te d&#8217;Azur.<\/span><\/strong><\/p>\n<p><span style=\"color: #808080;\">Tous les deux ans, la CTR C\u00f4te d&#8217;Azur organise un stage initial r\u00e9gional MF2.<\/span><br \/>\n<span style=\"color: #808080;\">Pour tous\u00a0renseignements et inscription :\u00a0<a href=\"http:\/\/ctr-ffessmcotedazur.fr\/index.php\/2014-10-22-06-50-44\/formation\">http:\/\/ctr-ffessmcotedazur.fr\/index.php\/2014-10-22-06-50-44\/formation<\/a><\/span><\/p>\n<p><span style=\"color: #999999;\">Pour vous pr\u00e9parer au MF2, la Commission Technique Nationale met de nombreux documents \u00e0 votre disposition :<br \/>\ndossiers d&#8217;inscription, annales et corrig\u00e9s, comptes rendus de jurys :\u00a0<\/span><a title=\"SITE COMMISSION TECHNIQUE NATIONALE\" href=\"http:\/\/www.ffessm.fr\/pages.asp?p=223&amp;t=Formation\" target=\"_blank\">http:\/\/www.ffessm.fr\/pages.asp?p=223&amp;t=Formation<\/a><\/p>\n","protected":false},"excerpt":{"rendered":"<p>La F\u00e9d\u00e9ration Fran\u00e7aise d&#8217;\u00c9tudes et de Sports sous Marins est aujourd&#8217;hui le principal organisme de plong\u00e9e sous-marine en France avec plus de 150 000 licenci\u00e9s,\u00a02 500 Clubs et SCA, 6 000 moniteurs et plus de 70 000 brevets d\u00e9livr\u00e9s par an. La FFESSM a d\u00e9fini des cursus de formation tr\u00e8s complets pour chaque niveau, qui [&hellip;]<\/p>\n","protected":false},"author":1,"featured_media":0,"parent":0,"menu_order":0,"comment_status":"closed","ping_status":"closed","template":"","meta":{"footnotes":""},"class_list":["post-348","page","type-page","status-publish","hentry"],"_links":{"self":[{"href":"https:\/\/easydive.fr\/index.php?rest_route=\/wp\/v2\/pages\/348","targetHints":{"allow":["GET"]}}],"collection":[{"href":"https:\/\/easydive.fr\/index.php?rest_route=\/wp\/v2\/pages"}],"about":[{"href":"https:\/\/easydive.fr\/index.php?rest_route=\/wp\/v2\/types\/page"}],"author":[{"embeddable":true,"href":"https:\/\/easydive.fr\/index.php?rest_route=\/wp\/v2\/users\/1"}],"replies":[{"embeddable":true,"href":"https:\/\/easydive.fr\/index.php?rest_route=%2Fwp%2Fv2%2Fcomments&post=348"}],"version-history":[{"count":34,"href":"https:\/\/easydive.fr\/index.php?rest_route=\/wp\/v2\/pages\/348\/revisions"}],"predecessor-version":[{"id":1091,"href":"https:\/\/easydive.fr\/index.php?rest_route=\/wp\/v2\/pages\/348\/revisions\/1091"}],"wp:attachment":[{"href":"https:\/\/easydive.fr\/index.php?rest_route=%2Fwp%2Fv2%2Fmedia&parent=348"}],"curies":[{"name":"wp","href":"https:\/\/api.w.org\/{rel}","templated":true}]}}