{"id":22,"date":"2015-04-05T11:15:27","date_gmt":"2015-04-05T11:15:27","guid":{"rendered":"http:\/\/easydive.fr\/Blog\/?page_id=22"},"modified":"2026-02-12T11:28:38","modified_gmt":"2026-02-12T10:28:38","slug":"easy-dive-tarifs","status":"publish","type":"page","link":"https:\/\/easydive.fr\/?page_id=22","title":{"rendered":"INDIVIDUEL"},"content":{"rendered":"\n<figure class=\"wp-block-table is-style-stripes\"><table><tbody><tr><td><strong>Initiation (adulte ou enfant \u00e0 partir de 8 ans)<\/strong><\/td><\/tr><tr><td>Bapt\u00eame bateau (dur\u00e9e de 30 minutes)<\/td><td class=\"has-text-align-right\" data-align=\"right\">80,00 \u20ac<\/td><\/tr><tr><td>Bapt\u00eame bateau \u00e0 partir de 3 participants (par personne)<\/td><td class=\"has-text-align-right\" data-align=\"right\">70,00 \u20ac<\/td><\/tr><tr><td>Pack d\u00e9couverte (3 plong\u00e9es) &#8211; certification PE 12 incluse <br>(licence non obligatoire)<\/td><td class=\"has-text-align-right\" data-align=\"right\">270,00 \u20ac<\/td><\/tr><tr><td><strong>Explorations (adulte ou enfant \u00e0 partir de 8 ans)<\/strong><\/td><\/tr><tr><td>Plong\u00e9e autonome + location de bloc<\/td><td class=\"has-text-align-right\" data-align=\"right\">40,00 \u20ac<\/td><\/tr><tr><td>Plong\u00e9e autonome + location de mat\u00e9riel complet<\/td><td class=\"has-text-align-right\" data-align=\"right\">55,00 \u20ac<\/td><\/tr><tr><td>Plong\u00e9e encadr\u00e9e + location de bloc<\/td><td class=\"has-text-align-right\" data-align=\"right\">60,00 \u20ac<\/td><\/tr><tr><td>Plong\u00e9e encadr\u00e9e + location de mat\u00e9riel complet<\/td><td class=\"has-text-align-right\" data-align=\"right\">75,00 \u20ac<\/td><\/tr><tr><td>Suppl\u00e9ment plong\u00e9e technique &lt; 20m<\/td><td class=\"has-text-align-right\" data-align=\"right\">10,00 \u20ac<\/td><\/tr><tr><td>Suppl\u00e9ment plong\u00e9e technique &gt; 20m<\/td><td class=\"has-text-align-right\" data-align=\"right\">20,00 \u20ac<\/td><\/tr><tr><td>Suppl\u00e9ment plong\u00e9e encadr\u00e9e \u00e0 60m<\/td><td class=\"has-text-align-right\" data-align=\"right\">30,00 \u20ac<\/td><\/tr><tr><td>Suppl\u00e9ment sites particuliers (Ar\u00e9nas,&#8230;)<\/td><td class=\"has-text-align-right\" data-align=\"right\">20,00 \u20ac<\/td><\/tr><tr><td>Suppl\u00e9ment plong\u00e9e de nuit (lampe incluse si besoin)<\/td><td class=\"has-text-align-right\" data-align=\"right\">20,00 \u20ac<\/td><\/tr><tr><td>Suppl\u00e9ment Nitrox<\/td><td class=\"has-text-align-right\" data-align=\"right\">10,00 \u20ac<\/td><\/tr><tr><td>Location ordinateur<\/td><td class=\"has-text-align-right\" data-align=\"right\">10,00 \u20ac<\/td><\/tr><tr><td><strong>Forfaits<\/strong><\/td><\/tr><tr><td>Carte 10 plong\u00e9es =&gt; &nbsp;1 plong\u00e9e gratuite<\/td><td class=\"has-text-align-right\" data-align=\"right\">&nbsp;<\/td><\/tr><tr><td>Carte 30 plong\u00e9es (autonome tout \u00e9quip\u00e9, peut \u00eatre partag\u00e9e \u00e0 plusieurs)<\/td><td class=\"has-text-align-right\" data-align=\"right\">950,00 \u20ac<\/td><\/tr><tr><td><strong>Stages FFESSM \/ CMAS (\u00e9quipement inclus, licence en sus)<\/strong><\/td><\/tr><tr><td>Nos stages et formations s&#8217;organisent en pleine mer. L&#8217;utilisation d&#8217;un bateau est indispensable afin de d\u00e9velopper l&#8217;exp\u00e9rience du plongeur. Ceci vous permettra aussi de d\u00e9couvrir la richesse des fonds marins.<\/td><\/tr><tr><td>Licence FFESSM<\/td><td class=\"has-text-align-right\" data-align=\"right\">50,00 \u20ac<\/td><\/tr><tr><td>Niveau 1 &#8211; PE 20 ou formation enfant (5 plong\u00e9es)<\/td><td class=\"has-text-align-right\" data-align=\"right\">400,00 \u20ac<\/td><\/tr><tr><td>PE 40 (4 plong\u00e9es entre 30 et 40m)<\/td><td class=\"has-text-align-right\" data-align=\"right\">320,00 \u20ac<\/td><\/tr><tr><td>Niveau 2 &#8211; PA 20 \/ PE 40 (10 plong\u00e9es) location ordi. 50\u20ac en sus<\/td><td class=\"has-text-align-right\" data-align=\"right\">700,00 \u20ac<\/td><\/tr><tr><td>Niveau 3 &#8211; PA 60 (10 plong\u00e9es)<\/td><td class=\"has-text-align-right\" data-align=\"right\">800,00 \u20ac<\/td><\/tr><tr><td>Niveau 4 (stage complet 2 semaines avec 12 \u00e0 15 plong\u00e9es + cours th\u00e9oriques) avec examen<\/td><td class=\"has-text-align-right\" data-align=\"right\">1200,00 \u20ac<\/td><\/tr><tr><td>Niveau 4 (stage partiel 1 semaine avec 6 \u00e0 8 plong\u00e9es + rappels th\u00e9oriques) avec examen<\/td><td class=\"has-text-align-right\" data-align=\"right\">700,00 \u20ac<\/td><\/tr><tr><td>Stage initiateur 7 jours avec examen<\/td><td class=\"has-text-align-right\" data-align=\"right\">700,00 \u20ac<\/td><\/tr><tr><td>Nitrox \u00e9l\u00e9mentaire (2 plong\u00e9es)<\/td><td class=\"has-text-align-right\" data-align=\"right\">200,00 \u20ac<\/td><\/tr><tr><td>Nitrox confirm\u00e9 (3 plong\u00e9es)<\/td><td class=\"has-text-align-right\" data-align=\"right\">300,00 \u20ac<\/td><\/tr><tr><td>RIFAP (r\u00e9action intervention face accident plong\u00e9e)<\/td><td class=\"has-text-align-right\" data-align=\"right\">150,00 \u20ac<\/td><\/tr><tr><td>Stage p\u00e9dagogique MF1 (perfectionnement pratique, th\u00e9orique et p\u00e9dagogique) &#8211; tarif par semaine<\/td><td class=\"has-text-align-right\" data-align=\"right\">200,00 \u20ac<\/td><\/tr><tr><td>Entra\u00eenement MF2 (\u00e9preuves pratiques, ateliers p\u00e9dagogique, mat\u00e9riel) &#8211; tarif \u00e0 la s\u00e9ance<\/td><td class=\"has-text-align-right\" data-align=\"right\">70,00 \u20ac<\/td><\/tr><tr><td>&nbsp;<\/td><td class=\"has-text-align-right\" data-align=\"right\">&nbsp;<\/td><\/tr><tr><td><strong>Formations PADI (\u00e9quipement inclus, frais de certification PADI inclus, e-learning non inclus)<\/strong><\/td><\/tr><tr><td>Scuba Diver (4 plong\u00e9es)<\/td><td class=\"has-text-align-right\" data-align=\"right\">350,00 \u20ac<\/td><\/tr><tr><td>Open Water Diver (7 plong\u00e9es) :<\/td><td class=\"has-text-align-right\" data-align=\"right\">550,00 \u20ac<\/td><\/tr><tr><td>Sp\u00e9cialit\u00e9s (profonde, \u00e9pave, combinaison \u00e9tanche&#8230;)<\/td><td class=\"has-text-align-right\" data-align=\"right\">nous consulter<\/td><\/tr><tr><td>Advanced Open Water Diver (5 plong\u00e9es) :<\/td><td class=\"has-text-align-right\" data-align=\"right\">400,00 \u20ac<\/td><\/tr><tr><td>Rescue Diver (5 plong\u00e9es) :<\/td><td class=\"has-text-align-right\" data-align=\"right\">400,00 \u20ac<\/td><\/tr><tr><td>Th\u00e9orie e-learning OWD, AOWD, RD<\/td><td class=\"has-text-align-right\" data-align=\"right\">150,00 \u20ac<\/td><\/tr><tr><td>EFR (Kit p\u00e9dagogique 100\u20ac en sus)<\/td><td class=\"has-text-align-right\" data-align=\"right\">150,00 \u20ac<\/td><\/tr><tr><td>&nbsp;<\/td><td class=\"has-text-align-right\" data-align=\"right\">&nbsp;<\/td><\/tr><tr><td><strong>Packages PADI\/CMAS (\u00e9quipement inclus, licence en sus)<\/strong><\/td><\/tr><tr><td>Niveau 1 + Open Water Diver (7 plong\u00e9es)<\/td><td class=\"has-text-align-right\" data-align=\"right\">650,00 \u20ac<\/td><\/tr><tr><td>Niveau 2 + Advanced Open Water (10 plong\u00e9es)<\/td><td class=\"has-text-align-right\" data-align=\"right\">800,00 \u20ac<\/td><\/tr><tr><td>Niveau 2 + Rescue Diver (12 plong\u00e9es)<\/td><td class=\"has-text-align-right\" data-align=\"right\">900,00 \u20ac<\/td><\/tr><tr><td>Niveau 3 + Rescue Diver (10 plong\u00e9es)<\/td><td class=\"has-text-align-right\" data-align=\"right\">900,00 \u20ac<\/td><\/tr><tr><td><\/td><td class=\"has-text-align-right\" data-align=\"right\"><\/td><\/tr><\/tbody><\/table><\/figure>\n\n\n\n<p class=\"has-text-align-right\"><\/p>\n","protected":false},"excerpt":{"rendered":"<p>Initiation (adulte ou enfant \u00e0 partir de 8 ans) Bapt\u00eame bateau (dur\u00e9e de 30 minutes) 80,00 \u20ac Bapt\u00eame bateau \u00e0 partir de 3 participants (par personne) 70,00 \u20ac Pack d\u00e9couverte (3 plong\u00e9es) &#8211; certification PE 12 incluse (licence non obligatoire) 270,00 \u20ac Explorations (adulte ou enfant \u00e0 partir de 8 ans) Plong\u00e9e autonome + location [&hellip;]<\/p>\n","protected":false},"author":1,"featured_media":0,"parent":0,"menu_order":0,"comment_status":"closed","ping_status":"open","template":"","meta":{"footnotes":""},"class_list":["post-22","page","type-page","status-publish","hentry"],"_links":{"self":[{"href":"https:\/\/easydive.fr\/index.php?rest_route=\/wp\/v2\/pages\/22","targetHints":{"allow":["GET"]}}],"collection":[{"href":"https:\/\/easydive.fr\/index.php?rest_route=\/wp\/v2\/pages"}],"about":[{"href":"https:\/\/easydive.fr\/index.php?rest_route=\/wp\/v2\/types\/page"}],"author":[{"embeddable":true,"href":"https:\/\/easydive.fr\/index.php?rest_route=\/wp\/v2\/users\/1"}],"replies":[{"embeddable":true,"href":"https:\/\/easydive.fr\/index.php?rest_route=%2Fwp%2Fv2%2Fcomments&post=22"}],"version-history":[{"count":68,"href":"https:\/\/easydive.fr\/index.php?rest_route=\/wp\/v2\/pages\/22\/revisions"}],"predecessor-version":[{"id":2439,"href":"https:\/\/easydive.fr\/index.php?rest_route=\/wp\/v2\/pages\/22\/revisions\/2439"}],"wp:attachment":[{"href":"https:\/\/easydive.fr\/index.php?rest_route=%2Fwp%2Fv2%2Fmedia&parent=22"}],"curies":[{"name":"wp","href":"https:\/\/api.w.org\/{rel}","templated":true}]}}