{"id":2,"date":"2015-04-05T11:58:21","date_gmt":"2015-04-05T11:58:21","guid":{"rendered":"http:\/\/http:\/\/easydive.fr\/Blog\/"},"modified":"2025-01-14T10:49:03","modified_gmt":"2025-01-14T09:49:03","slug":"plongez","status":"publish","type":"page","link":"https:\/\/easydive.fr\/?page_id=2","title":{"rendered":"PLONGEZ"},"content":{"rendered":"<hr \/>\n<h3 style=\"text-align: center;\"><span style=\"color: #808080;\">EXPLORATION<\/span><\/h3>\n<p><span style=\"color: #808080;\">La plong\u00e9e &#8220;en exploration&#8221; est la plong\u00e9e loisir par excellence : conduit par un guide de palanqu\u00e9e ou en autonomie, vous partirez \u00e0 la d\u00e9couverte des fonds sous-marins en toute libert\u00e9.<\/span><br \/>\n<span style=\"color: #808080;\"> Vous \u00e9voluerez, en petites palanqu\u00e9es (maximum 4 plongeurs) et dans le respect des normes de s\u00e9curit\u00e9 et des\u00a0 indications du directeur de plong\u00e9e responsable de la sortie.<\/span><\/p>\n<p><span style=\"color: #808080;\">Si vous partez en autonomie, le directeur de plong\u00e9e vous fera une description d\u00e9taill\u00e9e du site ainsi que des lieux ou curiosit\u00e9s &#8220;\u00e0 ne pas rater&#8221;.<\/span><br \/>\n<span style=\"color: #808080;\"> Si vous n&#8217;avez pas plong\u00e9e depuis longtemps, et ce quel que soit votre niveau, une plong\u00e9e de &#8220;r\u00e9adaptation&#8221; devra \u00eatre effectu\u00e9e afin de vous permettre de plonger en toute s\u00e9curit\u00e9.<\/span><\/p>\n<h4 style=\"text-align: left;\"><\/h4>\n<h4 style=\"text-align: left;\"><span style=\"color: #808080;\">Plong\u00e9es \u00e0 th\u00e8me<\/span><\/h4>\n<p><span style=\"color: #808080;\">Des plong\u00e9es \u00e0 th\u00e8me peuvent \u00eatre organis\u00e9es dans le cadre des formations de sp\u00e9cialit\u00e9s, mais aussi juste pour le plaisir.. contactez-nous!<\/span><\/p>\n<p><span style=\"color: #808080;\">Diff\u00e9rentes\u00a0Sp\u00e9cialit\u00e9s :<\/span><\/p>\n<ul>\n<li style=\"list-style-type: none;\">\n<ul>\n<li><span style=\"color: #808080;\">nuit<\/span><\/li>\n<li><span style=\"color: #808080;\">\u00e9paves<\/span><\/li>\n<li><span style=\"color: #808080;\">orientation<\/span><\/li>\n<li><span style=\"color: #808080;\">photo ou vid\u00e9o<\/span><\/li>\n<li><span style=\"color: #808080;\">nitrox<\/span><\/li>\n<li><span style=\"color: #808080;\">trimix<\/span><\/li>\n<li><span style=\"color: #808080;\">biologie et connaissance du milieu<\/span><\/li>\n<li><span style=\"color: #808080;\">profonde<\/span><\/li>\n<li><span style=\"color: #808080;\">loco-plongeur (scooter)<\/span><\/li>\n<li><span style=\"color: #808080;\">combinaisons \u00e9tanches<\/span><\/li>\n<li><span style=\"color: #808080;\">&#8230;<\/span><\/li>\n<\/ul>\n<\/li>\n<\/ul>\n<h3>    <script>\r\n        jQuery.browser = {};\r\n        (function () {\r\n            jQuery.browser.msie = false;\r\n            jQuery.browser.version = 0;\r\n            if (navigator.userAgent.match(\/MSIE ([0-9]+)\\.\/)) {\r\n                jQuery.browser.msie = true;\r\n                jQuery.browser.version = RegExp.$1;\r\n            }\r\n        })();\r\n    <\/script>\r\n\r\n    <style>\r\n\t.modal-backdrop.in {\r\n\t\tdisplay:none !important;\r\n\t}\r\n    .b-link-fade .b-wrapper, .b-link-fade .b-top-line{\r\n        background: rgba(49, 163, 221, 0.5);;\r\n    }\r\n    .b-link-flow .b-wrapper, .b-link-flow .b-top-line{\r\n        background: rgba(49, 163, 221, 0.5);;\r\n    }\r\n    .b-link-stroke .b-top-line{\r\n        background: rgba(49, 163, 221, 0.5);;\r\n    }\r\n    .b-link-stroke .b-bottom-line{\r\n        background: rgba(49, 163, 221, 0.5);;\r\n    }\r\n\r\n    .b-link-box .b-top-line{\r\n\r\n        border: 16px solid #31A3DD;\r\n    }\r\n    .b-link-box .b-bottom-line{\r\n        background: rgba(49, 163, 221, 0.5);;\r\n    }\r\n    .b-link-stripe .b-line{\r\n        background: rgba(49, 163, 221, 0.5);;\r\n    }\r\n    .b-link-apart-horisontal .b-top-line, .b-link-apart-horisontal .b-top-line-up{\r\n        background: rgba(49, 163, 221, 0.5);;\r\n    }\r\n    .b-link-apart-horisontal .b-bottom-line, .b-link-apart-horisontal .b-bottom-line-up{\r\n        background: rgba(49, 163, 221, 0.5);;\r\n    }\r\n    .b-link-apart-vertical .b-top-line, .b-link-apart-vertical .b-top-line-up{\r\n        background: rgba(49, 163, 221, 0.5);;\r\n    }\r\n    .b-link-apart-vertical .b-bottom-line, .b-link-apart-vertical .b-bottom-line-up{\r\n        background: rgba(49, 163, 221, 0.5);;\r\n    }\r\n    .b-link-diagonal .b-line{\r\n        background: rgba(49, 163, 221, 0.5);;\r\n    }\r\n\r\n    .b-wrapper{\r\n        font-family:Arial; \/\/ real name pass here\r\n    }\r\n    <\/style>\r\n\r\n        <div id=\"gallery1\" class=\"gal-container\">\r\n            <!--get the post id-->\r\n        \t\t<div id=\"gal-container-717\" style=\"display: block; overflow:hidden;\">\r\n\t\t\t\t\t\t<!-- gallery title-->\r\n\t\t\t<div class=\"rpg-gal-title\" >\r\n\t\t\t\tPLONGER\t\t\t<\/div>\r\n\t\t\t\t\t\t<!-- gallery photos-->\r\n\t\t\t<div style=\"\">\r\n\t\t\t\t\t\t\t\t\t<div class=\"col-md-6 col-sm-6 wl-gallery\" >\r\n\t\t\t\t\t\t<div class=\"b-link-fade b-animate-go\">\r\n\t\t\t\t\t\t\t<img decoding=\"async\" src=\"http:\/\/easydive.fr\/Wordpress\/wp-content\/uploads\/2015\/04\/EASY-DIVE-VILLAGE-FOURMIGUE1.jpg\" alt=\"VILLAGE FOURMIGUE\" class=\"gall-img-responsive\">\r\n\t\t\t\t\t\t\t<div class=\"b-wrapper\">\r\n\t\t\t\t\t\t\t\t<h2 class=\"b-from-left b-animate b-delay03\">VILLAGE FOURMIGUE<\/h2>\r\n\t\t\t\t\t\t\t\t<p class=\"b-from-right b-animate b-delay03\">\r\n\t\t\t\t\t\t\t\t\t<a href=\"http:\/\/easydive.fr\/Wordpress\/wp-content\/uploads\/2015\/04\/EASY-DIVE-VILLAGE-FOURMIGUE1.jpg\" title=\"VILLAGE FOURMIGUE\">\r\n\t\t\t\t\t\t\t\t\t\t<i class=\"fa fa-picture-o fa-2x\"><\/i>\r\n\t\t\t\t\t\t\t\t\t<\/a>\r\n\t\t\t\t\t\t\t\t<\/p>\r\n\t\t\t\t\t\t\t<\/div>\r\n\t\t\t\t\t\t<\/div>\r\n\t\t\t\t\t<\/div>\r\n\r\n\t\t\t\t\t\t\t\t\t\t<div class=\"col-md-6 col-sm-6 wl-gallery\" >\r\n\t\t\t\t\t\t<div class=\"b-link-fade b-animate-go\">\r\n\t\t\t\t\t\t\t<img decoding=\"async\" src=\"http:\/\/easydive.fr\/Wordpress\/wp-content\/uploads\/2015\/04\/EASY-DIVE-VILLAGE-FOURMIGUE-2.jpg\" alt=\"VILLAGE FOURMIGUE\" class=\"gall-img-responsive\">\r\n\t\t\t\t\t\t\t<div class=\"b-wrapper\">\r\n\t\t\t\t\t\t\t\t<h2 class=\"b-from-left b-animate b-delay03\">VILLAGE FOURMIGUE<\/h2>\r\n\t\t\t\t\t\t\t\t<p class=\"b-from-right b-animate b-delay03\">\r\n\t\t\t\t\t\t\t\t\t<a href=\"http:\/\/easydive.fr\/Wordpress\/wp-content\/uploads\/2015\/04\/EASY-DIVE-VILLAGE-FOURMIGUE-2.jpg\" title=\"VILLAGE FOURMIGUE\">\r\n\t\t\t\t\t\t\t\t\t\t<i class=\"fa fa-picture-o fa-2x\"><\/i>\r\n\t\t\t\t\t\t\t\t\t<\/a>\r\n\t\t\t\t\t\t\t\t<\/p>\r\n\t\t\t\t\t\t\t<\/div>\r\n\t\t\t\t\t\t<\/div>\r\n\t\t\t\t\t<\/div>\r\n\r\n\t\t\t\t\t\t\t\t\t\t\t\t\t\t<div class=\"clearfix\"><\/div>\r\n\t\t\t\t\t\t\t\t\t\t\t\t\t\t<div class=\"col-md-6 col-sm-6 wl-gallery\" >\r\n\t\t\t\t\t\t<div class=\"b-link-fade b-animate-go\">\r\n\t\t\t\t\t\t\t<img decoding=\"async\" src=\"http:\/\/easydive.fr\/Wordpress\/wp-content\/uploads\/2015\/04\/EASY-DIVE-VILLAGE-FOURMIGUE-3.jpg\" alt=\"VILLAGE FOURMIGUE\" class=\"gall-img-responsive\">\r\n\t\t\t\t\t\t\t<div class=\"b-wrapper\">\r\n\t\t\t\t\t\t\t\t<h2 class=\"b-from-left b-animate b-delay03\">VILLAGE FOURMIGUE<\/h2>\r\n\t\t\t\t\t\t\t\t<p class=\"b-from-right b-animate b-delay03\">\r\n\t\t\t\t\t\t\t\t\t<a href=\"http:\/\/easydive.fr\/Wordpress\/wp-content\/uploads\/2015\/04\/EASY-DIVE-VILLAGE-FOURMIGUE-3.jpg\" title=\"VILLAGE FOURMIGUE\">\r\n\t\t\t\t\t\t\t\t\t\t<i class=\"fa fa-picture-o fa-2x\"><\/i>\r\n\t\t\t\t\t\t\t\t\t<\/a>\r\n\t\t\t\t\t\t\t\t<\/p>\r\n\t\t\t\t\t\t\t<\/div>\r\n\t\t\t\t\t\t<\/div>\r\n\t\t\t\t\t<\/div>\r\n\r\n\t\t\t\t\t\t\t\t\t\t<div class=\"col-md-6 col-sm-6 wl-gallery\" >\r\n\t\t\t\t\t\t<div class=\"b-link-fade b-animate-go\">\r\n\t\t\t\t\t\t\t<img decoding=\"async\" src=\"http:\/\/easydive.fr\/Wordpress\/wp-content\/uploads\/2015\/04\/EASY-DIVE-VILLAGE-FOURMIGUE-4.jpg\" alt=\"VILLAGE FOURMIGUE\" class=\"gall-img-responsive\">\r\n\t\t\t\t\t\t\t<div class=\"b-wrapper\">\r\n\t\t\t\t\t\t\t\t<h2 class=\"b-from-left b-animate b-delay03\">VILLAGE FOURMIGUE<\/h2>\r\n\t\t\t\t\t\t\t\t<p class=\"b-from-right b-animate b-delay03\">\r\n\t\t\t\t\t\t\t\t\t<a href=\"http:\/\/easydive.fr\/Wordpress\/wp-content\/uploads\/2015\/04\/EASY-DIVE-VILLAGE-FOURMIGUE-4.jpg\" title=\"VILLAGE FOURMIGUE\">\r\n\t\t\t\t\t\t\t\t\t\t<i class=\"fa fa-picture-o fa-2x\"><\/i>\r\n\t\t\t\t\t\t\t\t\t<\/a>\r\n\t\t\t\t\t\t\t\t<\/p>\r\n\t\t\t\t\t\t\t<\/div>\r\n\t\t\t\t\t\t<\/div>\r\n\t\t\t\t\t<\/div>\r\n\r\n\t\t\t\t\t\t\t\t\t\t\t\t\t\t<div class=\"clearfix\"><\/div>\r\n\t\t\t\t\t\t\t\t\t\t\t\t\t\t<div class=\"col-md-6 col-sm-6 wl-gallery\" >\r\n\t\t\t\t\t\t<div class=\"b-link-fade b-animate-go\">\r\n\t\t\t\t\t\t\t<img decoding=\"async\" src=\"http:\/\/easydive.fr\/Wordpress\/wp-content\/uploads\/2015\/04\/EASY-DIVE-PLONGER-1.jpg\" alt=\"PLONGER\" class=\"gall-img-responsive\">\r\n\t\t\t\t\t\t\t<div class=\"b-wrapper\">\r\n\t\t\t\t\t\t\t\t<h2 class=\"b-from-left b-animate b-delay03\">PLONGER<\/h2>\r\n\t\t\t\t\t\t\t\t<p class=\"b-from-right b-animate b-delay03\">\r\n\t\t\t\t\t\t\t\t\t<a href=\"http:\/\/easydive.fr\/Wordpress\/wp-content\/uploads\/2015\/04\/EASY-DIVE-PLONGER-1.jpg\" title=\"PLONGER\">\r\n\t\t\t\t\t\t\t\t\t\t<i class=\"fa fa-picture-o fa-2x\"><\/i>\r\n\t\t\t\t\t\t\t\t\t<\/a>\r\n\t\t\t\t\t\t\t\t<\/p>\r\n\t\t\t\t\t\t\t<\/div>\r\n\t\t\t\t\t\t<\/div>\r\n\t\t\t\t\t<\/div>\r\n\r\n\t\t\t\t\t\t\t\t\t\t<div class=\"col-md-6 col-sm-6 wl-gallery\" >\r\n\t\t\t\t\t\t<div class=\"b-link-fade b-animate-go\">\r\n\t\t\t\t\t\t\t<img decoding=\"async\" src=\"http:\/\/easydive.fr\/Wordpress\/wp-content\/uploads\/2015\/04\/EASY-DIVE-PLONGER-2.jpg\" alt=\"PLONGER\" class=\"gall-img-responsive\">\r\n\t\t\t\t\t\t\t<div class=\"b-wrapper\">\r\n\t\t\t\t\t\t\t\t<h2 class=\"b-from-left b-animate b-delay03\">PLONGER<\/h2>\r\n\t\t\t\t\t\t\t\t<p class=\"b-from-right b-animate b-delay03\">\r\n\t\t\t\t\t\t\t\t\t<a href=\"http:\/\/easydive.fr\/Wordpress\/wp-content\/uploads\/2015\/04\/EASY-DIVE-PLONGER-2.jpg\" title=\"PLONGER\">\r\n\t\t\t\t\t\t\t\t\t\t<i class=\"fa fa-picture-o fa-2x\"><\/i>\r\n\t\t\t\t\t\t\t\t\t<\/a>\r\n\t\t\t\t\t\t\t\t<\/p>\r\n\t\t\t\t\t\t\t<\/div>\r\n\t\t\t\t\t\t<\/div>\r\n\t\t\t\t\t<\/div>\r\n\r\n\t\t\t\t\t\t\t\t\t\t\t\t\t\t<div class=\"clearfix\"><\/div>\r\n\t\t\t\t\t\t\t\t\t\t\t\t<\/div>\r\n\t\t<\/div>\r\n        <\/div>\r\n   <\/h3>\n<p>Photos Alberto BALBI<\/p>\n<h3><span style=\"color: #808080;\">FORMATION<\/span><\/h3>\n<p><span style=\"color: #808080;\"><a style=\"color: #808080;\" href=\"http:\/\/easydive.fr\/Wordpress\/?page_id=287\"><img loading=\"lazy\" decoding=\"async\" class=\"alignleft wp-image-314 size-thumbnail\" src=\"http:\/\/en.easydive.fr\/wp-content\/uploads\/sites\/4\/2015\/04\/logo_ffessm-150x150.gif\" alt=\"logo_ffessm\" width=\"150\" height=\"150\" \/><\/a><a href=\"http:\/\/easydive.fr\/Wordpress\/?page_id=290\"><img loading=\"lazy\" decoding=\"async\" class=\"alignleft wp-image-471 size-thumbnail\" src=\"http:\/\/en.easydive.fr\/wp-content\/uploads\/sites\/4\/2015\/04\/logo_padi-150x150.jpg\" alt=\"logo_padi\" width=\"150\" height=\"150\" \/><\/a><br \/>\nEASY\u00a0DIVE vous propose des formations de la F\u00e9d\u00e9ration Fran\u00e7aise de Plong\u00e9e\u00a0sous-marine\u00a0ainsi que des formations PADI.<\/span><\/p>\n<p><span style=\"color: #808080;\">Les formations de la FFESSM vous permettront de profiter d&#8217;une formation exigeante, les formations PADI vous ouvriront les portes de la majorit\u00e9 des clubs de plong\u00e9e \u00e0 travers le monde.<\/span><\/p>\n<h3><span style=\"color: #808080;\">\u00a0<\/span><\/h3>\n<hr \/>\n<h3 style=\"text-align: center;\"><span style=\"color: #808080;\">FORMALITES<\/span><\/h3>\n<h4 style=\"text-align: left;\"><span style=\"color: #808080;\">Certificat M\u00e9dical<\/span><\/h4>\n<p><span style=\"color: #808080;\">Un certificat m\u00e9dical est obligatoire pour tout passage de brevet, \u00e0 l&#8217;exception du bapt\u00eame.<\/span><\/p>\n<p><span style=\"color: #808080;\">Attention! La d\u00e9livrance d&#8217;une premi\u00e8re licence est soumise \u00e0 la pr\u00e9sentation d&#8217;un certificat m\u00e9dical r\u00e9pondant \u00e0 certaines exigences. Pour plus d&#8217;informations veuillez vous reporter au\u00a0document explicatif\u00a0r\u00e9dig\u00e9 par la Commission M\u00e9dicale de la FFESSM.<\/span><\/p>\n<p><a href=\"http:\/\/en.easydive.fr\/wp-content\/uploads\/sites\/4\/2015\/04\/Screen-Shot-2015-04-07-at-12.07.34.png\"><img loading=\"lazy\" decoding=\"async\" class=\"aligncenter wp-image-319 size-large\" src=\"http:\/\/en.easydive.fr\/wp-content\/uploads\/sites\/4\/2015\/04\/Screen-Shot-2015-04-07-at-12.07.34-1024x545.png\" alt=\"Synthese certificat medical\" width=\"980\" height=\"522\" srcset=\"https:\/\/easydive.fr\/wp-content\/uploads\/2015\/04\/Screen-Shot-2015-04-07-at-12.07.34-1024x545.png 1024w, https:\/\/easydive.fr\/wp-content\/uploads\/2015\/04\/Screen-Shot-2015-04-07-at-12.07.34-300x160.png 300w\" sizes=\"auto, (max-width: 980px) 100vw, 980px\" \/><\/a><\/p>\n<p><span style=\"color: #808080;\">Vous pouvez\u00a0t\u00e9l\u00e9charger ici\u00a0la liste des m\u00e9decins agr\u00e9es par la FFESSM sur la C\u00f4te d&#8217;Azur. Vous pouvez \u00e9galement\u00a0t\u00e9l\u00e9charger ici\u00a0un exemple de formulaire de certificat m\u00e9dical : il pourra servir de support \u00e0 votre m\u00e9decin ou bien vous permettre de vous informer sur le type de questions que celui-ci sera amen\u00e9 \u00e0 vous poser avant de vous d\u00e9livrer une non contre-indication \u00e0 la pratique de la plong\u00e9e sous-marine (Source :Commission m\u00e9dicale FFESSM).<\/span><\/p>\n<p align=\"JUSTIFY\"><span style=\"color: #808080;\">Dans tous les cas, m\u00eame si vous pr\u00e9sentez un certificat m\u00e9dical valide, nous tenons \u00e0 vous rappeler que certains probl\u00e8mes de sant\u00e9 chroniques ou temporaires peuvent contre-indiquer la pratique de la plong\u00e9e. Citons, sans que cette liste soit limitative, les probl\u00e8mes :<\/span><\/p>\n<ul>\n<li><span style=\"color: #808080;\">Cardiaques, r\u00e9naux<\/span><\/li>\n<li><span style=\"color: #808080;\">Respiratoires (asthme, pneumothorax\u2026)<\/span><\/li>\n<li><span style=\"color: #808080;\">Neurologiques (\u00e9pilepsie\u2026) ou psychiatriques, t\u00e9tanie\u2026<\/span><\/li>\n<li><span style=\"color: #808080;\">Diab\u00e8te, maladies endocrines\u2026<\/span><\/li>\n<li><span style=\"color: #808080;\">Probl\u00e8mes O.R.L, oculaires<\/span><\/li>\n<li><span style=\"color: #808080;\">Grossesse (m\u00eame ce n&#8217;est pas une maladie !)<\/span><\/li>\n<li><span style=\"color: #808080;\">Certains m\u00e9dicaments<\/span><\/li>\n<\/ul>\n<p><span style=\"color: #808080;\">Quelques documents de la Commission M\u00e9dicale de la FFESSM\u00a0\u00e0 t\u00e9l\u00e9charger :<br \/>\n<\/span><a href=\"http:\/\/en.easydive.fr\/wp-content\/uploads\/sites\/4\/2015\/04\/CMPN_Formulaire_Certificat_M-dical.pdf\" target=\"_blank\" rel=\"noopener noreferrer\">Formulaire de Certificat M\u00e9dical pour la Plong\u00e9e<\/a><a href=\"http:\/\/en.easydive.fr\/wp-content\/uploads\/sites\/4\/2015\/04\/CMPN_Formulaire_Certificat_M-dical.pdf\"><br \/>\n<\/a><a href=\"http:\/\/en.easydive.fr\/wp-content\/uploads\/sites\/4\/2015\/04\/CMPN_Contre_Indications_Plong-e.pdf\" target=\"_blank\" rel=\"noopener noreferrer\">Liste des Contre Indications \u00e0 la Plong\u00e9e<br \/>\n<\/a><a href=\"http:\/\/en.easydive.fr\/wp-content\/uploads\/sites\/4\/2015\/04\/CMPN_Liste_Medecins_F-d-raux_CA.pdf\" target=\"_blank\" rel=\"noopener noreferrer\">Liste M\u00e9decins F\u00e9d\u00e9raux en C\u00f4te d&#8217;Azur<\/a><span style=\"color: #808080;\"><a href=\"http:\/\/en.easydive.fr\/wp-content\/uploads\/sites\/4\/2015\/04\/CMPN_Contre_Indications_Plong-e.pdf\"><br \/>\n<\/a><\/span><\/p>\n<h4 style=\"text-align: left;\"><\/h4>\n<h4 style=\"text-align: left;\"><span style=\"color: #808080;\">Autorisation parentale<\/span><\/h4>\n<p><span style=\"color: #808080;\">Une autorisation parentale est obligatoire pour les mineurs.<\/span><br \/>\n<span style=\"color: #808080;\">T\u00e9l\u00e9charger le formulaire d&#8217;Autorisation parentale :\u00a0<a href=\"http:\/\/en.easydive.fr\/wp-content\/uploads\/sites\/4\/2015\/04\/Autorisation_Parentale.pdf\" target=\"_blank\" rel=\"noopener noreferrer\">Autorisation_Parentale<\/a><\/span><\/p>\n<h4 style=\"text-align: left;\"><\/h4>\n<h4 style=\"text-align: left;\"><span style=\"color: #808080;\">Licence FFESSM et assurance<\/span><\/h4>\n<p><span style=\"color: #808080;\">La licence n&#8217;est obligatoire que pour passer un brevet de la F\u00e9d\u00e9ration Fran\u00e7aise d&#8217;\u00c9tudes et de Sports Sous-Marins. Pour les explorations ou bien pour les autres brevets (PADI) un certificat m\u00e9dical suffit : le plongeur est alors couvert par l&#8217;assurance d&#8217;Easy Dive.<\/span><\/p>\n<p><span style=\"color: #808080;\">L&#8217;adh\u00e9sion \u00e0 la FFESSM par le biais d&#8217;une licence ouvre la possibilit\u00e9 de souscrire une assurance compl\u00e9mentaire assez comp\u00e9titive. Pour votre s\u00e9curit\u00e9, nous demandons \u00e0 tous les plongeurs d\u00e9sirant de partir en autonomie ou explorer l&#8217;espace lointain (40m) de nous pr\u00e9senter une assurance compl\u00e9mentaire couvrant l&#8217;activit\u00e9.<\/span><\/p>\n<h4 style=\"text-align: left;\"><\/h4>\n<h4 style=\"text-align: left;\"><span style=\"color: #808080;\">R\u00e8glementation<\/span><\/h4>\n<p><span style=\"color: #808080;\">En France, la r\u00e8glementation de la plong\u00e9e air et m\u00e9langes\u00a0est r\u00e9gie par le Code du Sport.<\/span><\/p>\n<p><span style=\"color: #808080;\">T\u00e9l\u00e9charger le Code du Sport section Plong\u00e9e :\u00a0<\/span><a href=\"http:\/\/en.easydive.fr\/wp-content\/uploads\/sites\/4\/2015\/04\/Code_du_sport_2012.pdf\" target=\"_blank\" rel=\"noopener noreferrer\">Code du sport<\/a><\/p>\n","protected":false},"excerpt":{"rendered":"<p>EXPLORATION La plong\u00e9e &#8220;en exploration&#8221; est la plong\u00e9e loisir par excellence : conduit par un guide de palanqu\u00e9e ou en autonomie, vous partirez \u00e0 la d\u00e9couverte des fonds sous-marins en toute libert\u00e9. Vous \u00e9voluerez, en petites palanqu\u00e9es (maximum 4 plongeurs) et dans le respect des normes de s\u00e9curit\u00e9 et des\u00a0 indications du directeur de plong\u00e9e [&hellip;]<\/p>\n","protected":false},"author":1,"featured_media":0,"parent":0,"menu_order":0,"comment_status":"closed","ping_status":"open","template":"","meta":{"footnotes":""},"class_list":["post-2","page","type-page","status-publish","hentry"],"_links":{"self":[{"href":"https:\/\/easydive.fr\/index.php?rest_route=\/wp\/v2\/pages\/2","targetHints":{"allow":["GET"]}}],"collection":[{"href":"https:\/\/easydive.fr\/index.php?rest_route=\/wp\/v2\/pages"}],"about":[{"href":"https:\/\/easydive.fr\/index.php?rest_route=\/wp\/v2\/types\/page"}],"author":[{"embeddable":true,"href":"https:\/\/easydive.fr\/index.php?rest_route=\/wp\/v2\/users\/1"}],"replies":[{"embeddable":true,"href":"https:\/\/easydive.fr\/index.php?rest_route=%2Fwp%2Fv2%2Fcomments&post=2"}],"version-history":[{"count":79,"href":"https:\/\/easydive.fr\/index.php?rest_route=\/wp\/v2\/pages\/2\/revisions"}],"predecessor-version":[{"id":2372,"href":"https:\/\/easydive.fr\/index.php?rest_route=\/wp\/v2\/pages\/2\/revisions\/2372"}],"wp:attachment":[{"href":"https:\/\/easydive.fr\/index.php?rest_route=%2Fwp%2Fv2%2Fmedia&parent=2"}],"curies":[{"name":"wp","href":"https:\/\/api.w.org\/{rel}","templated":true}]}}