{"id":115,"date":"2015-04-05T15:10:35","date_gmt":"2015-04-05T14:10:35","guid":{"rendered":"http:\/\/easydive.fr\/Blog\/?page_id=115"},"modified":"2023-01-24T15:24:24","modified_gmt":"2023-01-24T14:24:24","slug":"tarifs","status":"publish","type":"page","link":"https:\/\/easydive.fr\/?page_id=115","title":{"rendered":"TARIFS"},"content":{"rendered":"<div id=\"pl-115\"  class=\"panel-layout\" ><div id=\"pg-115-0\"  class=\"panel-grid panel-no-style\" ><div id=\"pgc-115-0-0\"  class=\"panel-grid-cell\" ><div id=\"panel-115-0-0-0\" class=\"so-panel widget widget_maskitto_include_other_page panel-first-child\" data-index=\"0\" >\t        <div id=\"page-id-22\" class=\"page- page-section\" style=\"\">\r\n\t            <div class=\"container page-list page-no-subtitle\">\r\n\r\n\r\n\t                \r\n\t                    \t                        <div class=\"page-node section-title text-center\">\r\n\t                            <h3 style=\"\">\r\n\t                            \t\t                                \tINDIVIDUEL\t                                \t                                \t                            <\/h3>\r\n\r\n\t                            \r\n\t                            \t                                <div class=\"section-title-line\"><\/div>\r\n\t                            \t                        <\/div>\r\n\t                    \r\n\t                    \t                        <div class=\"page-node section-content\" style=\"\">\r\n\t                            <div class=\"post-inner\">\r\n\t                                \n<figure class=\"wp-block-table is-style-stripes\"><table><tbody><tr><td><strong>Initiation (adulte ou enfant \u00e0 partir de 8 ans)<\/strong><\/td><\/tr><tr><td>Bapt\u00eame bateau (dur\u00e9e de 30 minutes)<\/td><td class=\"has-text-align-right\" data-align=\"right\">80,00 \u20ac<\/td><\/tr><tr><td>Bapt\u00eame bateau \u00e0 partir de 3 participants (par personne)<\/td><td class=\"has-text-align-right\" data-align=\"right\">70,00 \u20ac<\/td><\/tr><tr><td>Pack d\u00e9couverte (3 plong\u00e9es) &#8211; certification PE 12 incluse <br>(licence non obligatoire)<\/td><td class=\"has-text-align-right\" data-align=\"right\">270,00 \u20ac<\/td><\/tr><tr><td><strong>Explorations (adulte ou enfant \u00e0 partir de 8 ans)<\/strong><\/td><\/tr><tr><td>Plong\u00e9e autonome + location de bloc<\/td><td class=\"has-text-align-right\" data-align=\"right\">40,00 \u20ac<\/td><\/tr><tr><td>Plong\u00e9e autonome + location de mat\u00e9riel complet<\/td><td class=\"has-text-align-right\" data-align=\"right\">55,00 \u20ac<\/td><\/tr><tr><td>Plong\u00e9e encadr\u00e9e + location de bloc<\/td><td class=\"has-text-align-right\" data-align=\"right\">60,00 \u20ac<\/td><\/tr><tr><td>Plong\u00e9e encadr\u00e9e + location de mat\u00e9riel complet<\/td><td class=\"has-text-align-right\" data-align=\"right\">75,00 \u20ac<\/td><\/tr><tr><td>Suppl\u00e9ment plong\u00e9e technique &lt; 20m<\/td><td class=\"has-text-align-right\" data-align=\"right\">10,00 \u20ac<\/td><\/tr><tr><td>Suppl\u00e9ment plong\u00e9e technique &gt; 20m<\/td><td class=\"has-text-align-right\" data-align=\"right\">20,00 \u20ac<\/td><\/tr><tr><td>Suppl\u00e9ment plong\u00e9e encadr\u00e9e \u00e0 60m<\/td><td class=\"has-text-align-right\" data-align=\"right\">30,00 \u20ac<\/td><\/tr><tr><td>Suppl\u00e9ment sites particuliers (Ar\u00e9nas,&#8230;)<\/td><td class=\"has-text-align-right\" data-align=\"right\">20,00 \u20ac<\/td><\/tr><tr><td>Suppl\u00e9ment plong\u00e9e de nuit (lampe incluse si besoin)<\/td><td class=\"has-text-align-right\" data-align=\"right\">20,00 \u20ac<\/td><\/tr><tr><td>Suppl\u00e9ment Nitrox<\/td><td class=\"has-text-align-right\" data-align=\"right\">10,00 \u20ac<\/td><\/tr><tr><td>Location ordinateur<\/td><td class=\"has-text-align-right\" data-align=\"right\">10,00 \u20ac<\/td><\/tr><tr><td><strong>Forfaits<\/strong><\/td><\/tr><tr><td>Carte 10 plong\u00e9es =&gt; &nbsp;1 plong\u00e9e gratuite<\/td><td class=\"has-text-align-right\" data-align=\"right\">&nbsp;<\/td><\/tr><tr><td>Carte 30 plong\u00e9es (autonome tout \u00e9quip\u00e9, peut \u00eatre partag\u00e9e \u00e0 plusieurs)<\/td><td class=\"has-text-align-right\" data-align=\"right\">950,00 \u20ac<\/td><\/tr><tr><td><strong>Stages FFESSM \/ CMAS (\u00e9quipement inclus, licence en sus)<\/strong><\/td><\/tr><tr><td>Nos stages et formations s&#8217;organisent en pleine mer. L&#8217;utilisation d&#8217;un bateau est indispensable afin de d\u00e9velopper l&#8217;exp\u00e9rience du plongeur. Ceci vous permettra aussi de d\u00e9couvrir la richesse des fonds marins.<\/td><\/tr><tr><td>Licence FFESSM<\/td><td class=\"has-text-align-right\" data-align=\"right\">50,00 \u20ac<\/td><\/tr><tr><td>Niveau 1 &#8211; PE 20 ou formation enfant (5 plong\u00e9es)<\/td><td class=\"has-text-align-right\" data-align=\"right\">400,00 \u20ac<\/td><\/tr><tr><td>PE 40 (4 plong\u00e9es entre 30 et 40m)<\/td><td class=\"has-text-align-right\" data-align=\"right\">320,00 \u20ac<\/td><\/tr><tr><td>Niveau 2 &#8211; PA 20 \/ PE 40 (10 plong\u00e9es) location ordi. 50\u20ac en sus<\/td><td class=\"has-text-align-right\" data-align=\"right\">700,00 \u20ac<\/td><\/tr><tr><td>Niveau 3 &#8211; PA 60 (10 plong\u00e9es)<\/td><td class=\"has-text-align-right\" data-align=\"right\">800,00 \u20ac<\/td><\/tr><tr><td>Niveau 4 (stage complet 2 semaines avec 12 \u00e0 15 plong\u00e9es + cours th\u00e9oriques) avec examen<\/td><td class=\"has-text-align-right\" data-align=\"right\">1200,00 \u20ac<\/td><\/tr><tr><td>Niveau 4 (stage partiel 1 semaine avec 6 \u00e0 8 plong\u00e9es + rappels th\u00e9oriques) avec examen<\/td><td class=\"has-text-align-right\" data-align=\"right\">700,00 \u20ac<\/td><\/tr><tr><td>Stage initiateur 7 jours avec examen<\/td><td class=\"has-text-align-right\" data-align=\"right\">700,00 \u20ac<\/td><\/tr><tr><td>Nitrox \u00e9l\u00e9mentaire (2 plong\u00e9es)<\/td><td class=\"has-text-align-right\" data-align=\"right\">200,00 \u20ac<\/td><\/tr><tr><td>Nitrox confirm\u00e9 (3 plong\u00e9es)<\/td><td class=\"has-text-align-right\" data-align=\"right\">300,00 \u20ac<\/td><\/tr><tr><td>RIFAP (r\u00e9action intervention face accident plong\u00e9e)<\/td><td class=\"has-text-align-right\" data-align=\"right\">150,00 \u20ac<\/td><\/tr><tr><td>Stage p\u00e9dagogique MF1 (perfectionnement pratique, th\u00e9orique et p\u00e9dagogique) &#8211; tarif par semaine<\/td><td class=\"has-text-align-right\" data-align=\"right\">200,00 \u20ac<\/td><\/tr><tr><td>Entra\u00eenement MF2 (\u00e9preuves pratiques, ateliers p\u00e9dagogique, mat\u00e9riel) &#8211; tarif \u00e0 la s\u00e9ance<\/td><td class=\"has-text-align-right\" data-align=\"right\">70,00 \u20ac<\/td><\/tr><tr><td>&nbsp;<\/td><td class=\"has-text-align-right\" data-align=\"right\">&nbsp;<\/td><\/tr><tr><td><strong>Formations PADI (\u00e9quipement inclus, frais de certification PADI inclus, e-learning non inclus)<\/strong><\/td><\/tr><tr><td>Scuba Diver (4 plong\u00e9es)<\/td><td class=\"has-text-align-right\" data-align=\"right\">350,00 \u20ac<\/td><\/tr><tr><td>Open Water Diver (7 plong\u00e9es) :<\/td><td class=\"has-text-align-right\" data-align=\"right\">550,00 \u20ac<\/td><\/tr><tr><td>Sp\u00e9cialit\u00e9s (profonde, \u00e9pave, combinaison \u00e9tanche&#8230;)<\/td><td class=\"has-text-align-right\" data-align=\"right\">nous consulter<\/td><\/tr><tr><td>Advanced Open Water Diver (5 plong\u00e9es) :<\/td><td class=\"has-text-align-right\" data-align=\"right\">400,00 \u20ac<\/td><\/tr><tr><td>Rescue Diver (5 plong\u00e9es) :<\/td><td class=\"has-text-align-right\" data-align=\"right\">400,00 \u20ac<\/td><\/tr><tr><td>Th\u00e9orie e-learning OWD, AOWD, RD<\/td><td class=\"has-text-align-right\" data-align=\"right\">150,00 \u20ac<\/td><\/tr><tr><td>EFR (Kit p\u00e9dagogique 100\u20ac en sus)<\/td><td class=\"has-text-align-right\" data-align=\"right\">150,00 \u20ac<\/td><\/tr><tr><td>&nbsp;<\/td><td class=\"has-text-align-right\" data-align=\"right\">&nbsp;<\/td><\/tr><tr><td><strong>Packages PADI\/CMAS (\u00e9quipement inclus, licence en sus)<\/strong><\/td><\/tr><tr><td>Niveau 1 + Open Water Diver (7 plong\u00e9es)<\/td><td class=\"has-text-align-right\" data-align=\"right\">650,00 \u20ac<\/td><\/tr><tr><td>Niveau 2 + Advanced Open Water (10 plong\u00e9es)<\/td><td class=\"has-text-align-right\" data-align=\"right\">800,00 \u20ac<\/td><\/tr><tr><td>Niveau 2 + Rescue Diver (12 plong\u00e9es)<\/td><td class=\"has-text-align-right\" data-align=\"right\">900,00 \u20ac<\/td><\/tr><tr><td>Niveau 3 + Rescue Diver (10 plong\u00e9es)<\/td><td class=\"has-text-align-right\" data-align=\"right\">900,00 \u20ac<\/td><\/tr><tr><td><\/td><td class=\"has-text-align-right\" data-align=\"right\"><\/td><\/tr><\/tbody><\/table><\/figure>\n\n\n\n<p class=\"has-text-align-right\"><\/p>\n\t                            <\/div>\r\n\t                        <\/div>\r\n\t                    \r\n\t                \r\n\r\n\t                            \r\n\r\n\r\n\t                \t                \r\n\r\n\t\t\t\t\t\t\t                \t                \t            <\/div>\r\n\t        <\/div>\r\n\r\n\r\n\t        \r\n\r\n\t\t<\/div><div id=\"panel-115-0-0-1\" class=\"so-panel widget widget_maskitto_include_other_page\" data-index=\"1\" >\t        <div id=\"page-id-125\" class=\"page- page-section\" style=\"\">\r\n\t            <div class=\"container page-list page-no-subtitle\">\r\n\r\n\r\n\t                \r\n\t                    \t                        <div class=\"page-node section-title text-center\">\r\n\t                            <h3 style=\"\">\r\n\t                            \t\t                                \tLOCATION\t                                \t                                \t                            <\/h3>\r\n\r\n\t                            \r\n\t                            \t                                <div class=\"section-title-line\"><\/div>\r\n\t                            \t                        <\/div>\r\n\t                    \r\n\t                    \t                        <div class=\"page-node section-content\" style=\"\">\r\n\t                            <div class=\"post-inner\">\r\n\t                                <h3 style=\"text-align: left;\"><span style=\"color: #808080;\">TARIF LOCATION<\/span><\/h3>\n<table width=\"722\">\n<tbody>\n<tr>\n<td width=\"523\"><span style=\"color: #808080;\"><strong>Location par \u00e9l\u00e9ment<\/strong><\/span><\/td>\n<td style=\"text-align: center;\" width=\"99\"><span style=\"color: #808080;\">Prix<\/span><\/td>\n<td style=\"text-align: center;\" width=\"100\"><span style=\"color: #808080;\">Caution<\/span><\/td>\n<\/tr>\n<tr>\n<td width=\"523\"><span style=\"color: #808080;\">Bouteille 15l<\/span><\/td>\n<td style=\"text-align: right;\" width=\"99\"><span style=\"color: #808080;\">20,00\u20ac<\/span><\/td>\n<td style=\"text-align: right;\" width=\"100\"><span style=\"color: #808080;\">500,00\u20ac<\/span><\/td>\n<\/tr>\n<tr>\n<td width=\"523\"><span style=\"color: #808080;\">Bouteille 12 l<\/span><\/td>\n<td style=\"text-align: right;\" width=\"99\"><span style=\"color: #808080;\">20,00\u20ac<\/span><\/td>\n<td style=\"text-align: right;\" width=\"100\"><span style=\"color: #808080;\">400,00\u20ac<\/span><\/td>\n<\/tr>\n<tr>\n<td width=\"523\"><span style=\"color: #808080;\">D\u00e9tendeur<\/span><\/td>\n<td style=\"text-align: right;\" width=\"99\"><span style=\"color: #808080;\">10,00\u20ac<\/span><\/td>\n<td style=\"text-align: right;\" width=\"100\"><span style=\"color: #808080;\">300,00\u20ac<\/span><\/td>\n<\/tr>\n<tr>\n<td width=\"523\"><span style=\"color: #808080;\">Ordinateur<\/span><\/td>\n<td style=\"text-align: right;\" width=\"99\"><span style=\"color: #808080;\">10,00\u20ac<\/span><\/td>\n<td style=\"text-align: right;\" width=\"100\"><span style=\"color: #808080;\">400,00\u20ac<\/span><\/td>\n<\/tr>\n<tr>\n<td width=\"523\"><span style=\"color: #808080;\">Gilet<\/span><\/td>\n<td style=\"text-align: right;\" width=\"99\"><span style=\"color: #808080;\">10,00\u20ac<\/span><\/td>\n<td style=\"text-align: right;\" width=\"100\"><span style=\"color: #808080;\">300,00\u20ac<\/span><\/td>\n<\/tr>\n<tr>\n<td width=\"523\"><span style=\"color: #808080;\">Combinaison<\/span><\/td>\n<td style=\"text-align: right;\" width=\"99\"><span style=\"color: #808080;\">10,00\u20ac<\/span><\/td>\n<td style=\"text-align: right;\" width=\"100\"><span style=\"color: #808080;\">200,00\u20ac<\/span><\/td>\n<\/tr>\n<tr>\n<td width=\"523\"><span style=\"color: #808080;\">Palmes &#8211; Masque &#8211; tuba<\/span><\/td>\n<td style=\"text-align: right;\" width=\"99\"><span style=\"color: #808080;\">10,00\u20ac<\/span><\/td>\n<td style=\"text-align: right;\" width=\"100\"><span style=\"color: #808080;\">50,00\u20ac<\/span><\/td>\n<\/tr>\n<tr>\n<td colspan=\"3\" width=\"722\"><span style=\"color: #808080;\"><strong>Location \u00e9quipement complet<\/strong><\/span><\/td>\n<\/tr>\n<tr>\n<td width=\"523\"><span style=\"color: #808080;\">Bouteille + D\u00e9tendeur + Gilet<\/span><\/td>\n<td style=\"text-align: right;\" width=\"99\"><span style=\"color: #808080;\">30,00\u20ac<\/span><\/td>\n<td style=\"text-align: right;\" width=\"100\"><span style=\"color: #808080;\">1 000,00\u20ac<\/span><\/td>\n<\/tr>\n<tr>\n<td width=\"523\"><span style=\"color: #808080;\">\u00c9quipement complet<\/span><\/td>\n<td style=\"text-align: right;\" width=\"99\"><span style=\"color: #808080;\">50,00\u20ac<\/span><\/td>\n<td style=\"text-align: right;\" width=\"100\"><span style=\"color: #808080;\">1 300,00\u20ac<\/span><\/td>\n<\/tr>\n<\/tbody>\n<\/table>\n\t                            <\/div>\r\n\t                        <\/div>\r\n\t                    \r\n\t                \r\n\r\n\t                            \r\n\r\n\r\n\t                \t                \r\n\r\n\t\t\t\t\t\t\t                \t                \t            <\/div>\r\n\t        <\/div>\r\n\r\n\r\n\t        \r\n\r\n\t\t<\/div><div id=\"panel-115-0-0-2\" class=\"so-panel widget widget_maskitto_include_other_page\" data-index=\"2\" >\t        <div id=\"page-id-122\" class=\"page- page-section\" style=\"\">\r\n\t            <div class=\"container page-list page-no-subtitle\">\r\n\r\n\r\n\t                \r\n\t                    \t                        <div class=\"page-node section-title text-center\">\r\n\t                            <h3 style=\"\">\r\n\t                            \t\t                                \tREVISION\t                                \t                                \t                            <\/h3>\r\n\r\n\t                            \r\n\t                            \t                                <div class=\"section-title-line\"><\/div>\r\n\t                            \t                        <\/div>\r\n\t                    \r\n\t                    \t                        <div class=\"page-node section-content\" style=\"\">\r\n\t                            <div class=\"post-inner\">\r\n\t                                <h3 style=\"text-align: left;\">TARIFS REVISION<\/h3>\n<table width=\"722\">\n<tbody>\n<tr>\n<td colspan=\"2\" width=\"722\"><strong>R\u00e9visions annuelles<\/strong><\/td>\n<\/tr>\n<tr>\n<td width=\"618\">D\u00e9tendeur &#8211; 1er \u00e9tage non compens\u00e9<\/td>\n<td style=\"text-align: right;\" width=\"104\">35,00\u20ac<\/td>\n<\/tr>\n<tr>\n<td width=\"618\">D\u00e9tendeur &#8211; 1er \u00e9tage compens\u00e9<\/td>\n<td style=\"text-align: right;\" width=\"104\">45,00\u20ac<\/td>\n<\/tr>\n<tr>\n<td width=\"618\">D\u00e9tendeur &#8211; 2\u00e8me \u00e9tage non compens\u00e9<\/td>\n<td style=\"text-align: right;\" width=\"104\">35,00\u20ac<\/td>\n<\/tr>\n<tr>\n<td width=\"618\">D\u00e9tendeur &#8211; 2\u00e8me \u00e9tage compens\u00e9<\/td>\n<td style=\"text-align: right;\" width=\"104\">45,00\u20ac<\/td>\n<\/tr>\n<tr>\n<td width=\"618\">Stab &#8211; Direct System + contr\u00f4le purges gilet<\/td>\n<td style=\"text-align: right;\" width=\"104\">50,00\u20ac<\/td>\n<\/tr>\n<tr>\n<td width=\"618\">Bloc &#8211; inspection r\u00e9vision robinet 1 sortie<\/td>\n<td style=\"text-align: right;\" width=\"104\">40,00\u20ac<\/td>\n<\/tr>\n<tr>\n<td width=\"618\">Bloc &#8211; inspection r\u00e9vision robinet 2 sorties<\/td>\n<td style=\"text-align: right;\" width=\"104\">60,00\u20ac<\/td>\n<\/tr>\n<tr>\n<td width=\"618\">Bloc &#8211; inspection visuelle + macaron TIV<\/td>\n<td style=\"text-align: right;\" width=\"104\">30,00\u20ac<\/td>\n<\/tr>\n<tr>\n<td width=\"618\">Bloc &#8211; requalification p\u00e9riodique seule<\/td>\n<td style=\"text-align: right;\" width=\"104\">60,00\u20ac<\/td>\n<\/tr>\n<tr>\n<td width=\"618\">Bloc &#8211; requalification p\u00e9riodique + traitement int\u00e9rieur<\/td>\n<td style=\"text-align: right;\" width=\"104\">80,00\u20ac<\/td>\n<\/tr>\n<\/tbody>\n<\/table>\n<p>Une navette pour les requalifications part chaque mercredi matin pour un retour le mercredi suivant.<\/p>\n\t                            <\/div>\r\n\t                        <\/div>\r\n\t                    \r\n\t                \r\n\r\n\t                            \r\n\r\n\r\n\t                \t                \r\n\r\n\t\t\t\t\t\t\t                \t                \t            <\/div>\r\n\t        <\/div>\r\n\r\n\r\n\t        \r\n\r\n\t\t<\/div><div id=\"panel-115-0-0-3\" class=\"so-panel widget widget_maskitto_include_other_page panel-last-child\" data-index=\"3\" >\t        <div id=\"page-id-119\" class=\"page- page-section\" style=\"\">\r\n\t            <div class=\"container page-list page-no-subtitle\">\r\n\r\n\r\n\t                \r\n\t                    \t                        <div class=\"page-node section-title text-center\">\r\n\t                            <h3 style=\"\">\r\n\t                            \t\t                                \tGROUPE \/ CE\t                                \t                                \t                            <\/h3>\r\n\r\n\t                            \r\n\t                            \t                                <div class=\"section-title-line\"><\/div>\r\n\t                            \t                        <\/div>\r\n\t                    \r\n\t                    \t                        <div class=\"page-node section-content\" style=\"\">\r\n\t                            <div class=\"post-inner\">\r\n\t                                \n<figure class=\"wp-block-table is-style-stripes\"><table><tbody><tr><td><strong>Initiation (adulte ou enfant \u00e0 partir de 8 ans)<\/strong><\/td><\/tr><tr><td>Bapt\u00eame bateau<\/td><td>70,00 \u20ac<\/td><\/tr><tr><td><strong>Explorations (adulte ou enfant \u00e0 partir de 8 ans)<\/strong><\/td><\/tr><tr><td>Plong\u00e9e autonome + location de bloc<\/td><td>35,00 \u20ac<\/td><\/tr><tr><td>Plong\u00e9e autonome + location de mat\u00e9riel complet<\/td><td>45,00 \u20ac<\/td><\/tr><tr><td>Plong\u00e9e encadr\u00e9e + location de bloc<\/td><td>55,00 \u20ac<\/td><\/tr><tr><td>Plong\u00e9e encadr\u00e9e + location de mat\u00e9riel complet<\/td><td>65,00 \u20ac<\/td><\/tr><tr><td>Suppl\u00e9ment plong\u00e9e technique &lt; 20m<\/td><td>10,00 \u20ac<\/td><\/tr><tr><td>Suppl\u00e9ment plong\u00e9e technique &gt; 20m<\/td><td>15,00 \u20ac<\/td><\/tr><tr><td>Suppl\u00e9ment plong\u00e9e encadr\u00e9e \u00e0 60m<\/td><td>20,00 \u20ac<\/td><\/tr><tr><td>Suppl\u00e9ment sites particuliers (Ar\u00e9nas,&#8230;)<\/td><td>15,00 \u20ac<\/td><\/tr><tr><td>Suppl\u00e9ment plong\u00e9e de nuit (lampe incluse si besoin)<\/td><td>15,00 \u20ac<\/td><\/tr><tr><td>Suppl\u00e9ment Nitrox<\/td><td>10,00 \u20ac<\/td><\/tr><tr><td>Location ordinateur<\/td><td>10,00 \u20ac<\/td><\/tr><tr><td><strong>Accueil de clubs<\/strong><\/td><\/tr><tr><td>Tarifs bloc inclus en fonction du nombre de plongeurs et des besoins en encadrement &#8211; \u00e0 partir de :<\/td><td>28,00 \u20ac<\/td><\/tr><tr><td><strong>Stages FFESSM \/ CMAS (\u00e9quipement inclus, licence en sus)<\/strong><\/td><\/tr><tr><td>Nos stages et formations s&#8217;organisent en pleine mer. L&#8217;utilisation d&#8217;un bateau est indispensable afin de d\u00e9velopper l&#8217;exp\u00e9rience du plongeur. Ceci vous permettra aussi de d\u00e9couvrir la richesse des fonds marins.<\/td><\/tr><tr><td>Licence FFESSM<\/td><td>45,00 \u20ac<\/td><\/tr><tr><td>PE12<\/td><td>225,00 \u20ac<\/td><\/tr><tr><td>Niveau 1 &#8211; PE 20 ou formation enfant (5 plong\u00e9es)<\/td><td>360,00 \u20ac<\/td><\/tr><tr><td>Niveau 2 &#8211; PA 20 \/ PE 40 (10 plong\u00e9es) location ordinateur 50\u20ac en sus<\/td><td>630,00 \u20ac<\/td><\/tr><tr><td>Niveau 3 &#8211; PA 60 (10 plong\u00e9es)<\/td><td>720,00 \u20ac<\/td><\/tr><tr><td>Niveau 4 (stage complet 2 semaines avec 15 \u00e0 18 plong\u00e9es + cours th\u00e9oriques) avec examen<\/td><td>1080,00 \u20ac<\/td><\/tr><tr><td>Niveau 4 (stage partiel 1 semaine avec 6 \u00e0 8 plong\u00e9es + rappels th\u00e9oriques) avec examen<\/td><td>630,00 \u20ac<\/td><\/tr><tr><td>PA40 (8 plong\u00e9es)<\/td><td>540,00 \u20ac<\/td><\/tr><tr><td>PE40 (4 plong\u00e9es)<\/td><td>270,00 \u20ac<\/td><\/tr><tr><td>Nitrox \u00e9l\u00e9mentaire (2 plong\u00e9es)<\/td><td>180,00 \u20ac<\/td><\/tr><tr><td>Nitrox confirm\u00e9 (3 plong\u00e9es)<\/td><td>270,00 \u20ac<\/td><\/tr><tr><td>&nbsp;RIFAP (r\u00e9action intervention face accident plong\u00e9e)<\/td><td>135,00 \u20ac<\/td><\/tr><tr><td><strong>Formations PADI (\u00e9quipement inclus, frais de certification PADI inclus)<\/strong><\/td><\/tr><tr><td>Scuba Diver (4 plong\u00e9es)<\/td><td>320,00 \u20ac<\/td><\/tr><tr><td>Open Water Diver (7 plong\u00e9es) :<\/td><td>500,00 \u20ac<\/td><\/tr><tr><td>Sp\u00e9cialit\u00e9s<\/td><td>nous consulter<\/td><\/tr><tr><td>Advanced Open Water Diver (5 plong\u00e9es) :<\/td><td>360,00 \u20ac<\/td><\/tr><tr><td>Rescue Diver (5 plong\u00e9es) :<\/td><td>360,00 \u20ac<\/td><\/tr><tr><td>Divemaster (8 plong\u00e9es, hors cotisation, kit de 200\u20ac en sus):<\/td><td>900,00 \u20ac<\/td><\/tr><tr><td>Manuel P\u00e9dagogique Divemaster Obligatoire<\/td><td>300,00 \u20ac<\/td><\/tr><tr><td>&nbsp;EFR (Kit p\u00e9dagogique 100\u20ac)<\/td><td>&nbsp;130,00\u20ac<\/td><\/tr><tr><td><strong>Packages PADI\/CMAS (\u00e9quipement inclus, licence en sus)<\/strong><\/td><\/tr><tr><td>Niveau 1 + Open Water Diver (7 plong\u00e9es)<\/td><td>590,00 \u20ac<\/td><\/tr><tr><td>Niveau 2 + Advanced Open Water (10 plong\u00e9es)<\/td><td>700,00 \u20ac<\/td><\/tr><tr><td>Niveau 3 + Rescue Diver (10 plong\u00e9es)<\/td><td>800,00 \u20ac<\/td><\/tr><tr><td>Niveau 4 (12 plong\u00e9es) + Dive Master (4 plong\u00e9es)<\/td><td>1&nbsp;300,00 \u20ac<\/td><\/tr><\/tbody><\/table><\/figure>\n\n\n\n<p class=\"has-text-align-left\"><span style=\"color: #808080;\">Tarif groupe applicable \u00e0 partir de 10 personnes. Comit\u00e9s d&#8217;entreprise et clubs nous contacter.<\/span><\/p>\n\t                            <\/div>\r\n\t                        <\/div>\r\n\t                    \r\n\t                \r\n\r\n\t                            \r\n\r\n\r\n\t                \t                \r\n\r\n\t\t\t\t\t\t\t                \t                \t            <\/div>\r\n\t        <\/div>\r\n\r\n\r\n\t        \r\n\r\n\t\t<\/div><\/div><\/div><\/div>","protected":false},"excerpt":{"rendered":"<p>INDIVIDUEL Initiation (adulte ou enfant \u00e0 partir de 8 ans) Bapt\u00eame bateau (dur\u00e9e de 30 minutes) 80,00 \u20ac Bapt\u00eame bateau \u00e0 partir de 3 participants (par personne) 70,00 \u20ac Pack d\u00e9couverte (3 plong\u00e9es) &#8211; certification PE 12 incluse (licence non obligatoire) 270,00 \u20ac Explorations (adulte ou enfant \u00e0 partir de 8 ans) Plong\u00e9e autonome + [&hellip;]<\/p>\n","protected":false},"author":1,"featured_media":0,"parent":0,"menu_order":0,"comment_status":"closed","ping_status":"closed","template":"","meta":{"footnotes":""},"class_list":["post-115","page","type-page","status-publish","hentry"],"_links":{"self":[{"href":"https:\/\/easydive.fr\/index.php?rest_route=\/wp\/v2\/pages\/115","targetHints":{"allow":["GET"]}}],"collection":[{"href":"https:\/\/easydive.fr\/index.php?rest_route=\/wp\/v2\/pages"}],"about":[{"href":"https:\/\/easydive.fr\/index.php?rest_route=\/wp\/v2\/types\/page"}],"author":[{"embeddable":true,"href":"https:\/\/easydive.fr\/index.php?rest_route=\/wp\/v2\/users\/1"}],"replies":[{"embeddable":true,"href":"https:\/\/easydive.fr\/index.php?rest_route=%2Fwp%2Fv2%2Fcomments&post=115"}],"version-history":[{"count":8,"href":"https:\/\/easydive.fr\/index.php?rest_route=\/wp\/v2\/pages\/115\/revisions"}],"predecessor-version":[{"id":2275,"href":"https:\/\/easydive.fr\/index.php?rest_route=\/wp\/v2\/pages\/115\/revisions\/2275"}],"wp:attachment":[{"href":"https:\/\/easydive.fr\/index.php?rest_route=%2Fwp%2Fv2%2Fmedia&parent=115"}],"curies":[{"name":"wp","href":"https:\/\/api.w.org\/{rel}","templated":true}]}}